 base 11?
-76
What is -12160 (base 8) in base 6?
-40120
Convert -1101002 (base 3) to base 13.
-5c0
What is -124 (base 15) in base 5?
-2014
Convert -f76 (base 16) to base 8.
-7566
-3353 (base 6) to base 11
-658
What is 255 (base 11) in base 3?
102012
Convert 27000 (base 9) to base 16.
4731
-42143 (base 6) to base 2
-1011000101111
What is -870 (base 10) in base 6?
-4010
-3b42 (base 14) to base 4
-2203032
What is 3020 (base 5) in base 11?
320
-165 (base 12) to base 14
-11b
573 (base 13) to base 16
3ab
What is -196 (base 13) in base 8?
-444
-c9 (base 16) to base 12
-149
Convert 462 (base 9) to base 8.
574
-112001 (base 3) to base 15
-1a4
Convert -42305 (base 6) to base 10.
-5729
What is 4221 (base 5) in base 14?
2c1
-948 (base 10) to base 13
-57c
What is 11202021 (base 4) in base 5?
1211130
Convert 1332 (base 8) to base 2.
1011011010
Convert -136 (base 13) to base 7.
-424
Convert -18548 (base 10) to base 2.
-100100001110100
Convert 13230120 (base 4) to base 6.
401520
Convert -569 (base 12) to base 13.
-498
Convert -3001232 (base 4) to base 12.
-7212
What is 241343 (base 7) in base 2?
1010101011011011
What is -202021 (base 4) in base 13?
-cc1
What is -2a (base 16) in base 7?
-60
What is -14236 (base 7) in base 2?
-111100111010
What is -22210 (base 4) in base 3?
-221001
What is -2385 (base 9) in base 12?
-1042
Convert 111100011 (base 2) to base 8.
743
Convert -3b4 (base 13) to base 7.
-1623
What is -656 (base 9) in base 5?
-4122
Convert -11100010 (base 2) to base 16.
-e2
Convert 286 (base 12) to base 6.
1450
What is 42333 (base 7) in base 10?
10461
Convert -2054 (base 10) to base 11.
-15a8
-659 (base 14) to base 7
-3442
What is 2b7 (base 14) in base 8?
1051
-15048 (base 10) to base 2
-11101011001000
What is 160124 (base 7) in base 16?
7a30
Convert -c5b9 (base 16) to base 5.
-3104432
10001001000010 (base 2) to base 3
110000211
11284 (base 9) to base 12
4434
726 (base 13) to base 7
3354
What is 20212 (base 6) in base 7?
10535
Convert -23166 (base 11) to base 4.
-20022330
What is -2451 (base 6) in base 12?
-427
Convert -1046 (base 9) to base 15.
-366
Convert -40 (base 8) to base 9.
-35
Convert 715 (base 14) to base 15.
62b
7d (base 15) to base 16
76
What is -101876 (base 9) in base 16?
-ec4f
-3346 (base 7) to base 6
-5334
Convert 1b8 (base 14) to base 6.
1354
-9b (base 16) to base 15
-a5
Convert 1910 (base 11) to base 9.
3301
-2333 (base 4) to base 13
-119
1ab5 (base 15) to base 4
1122203
What is -48a4 (base 11) in base 3?
-22210021
Convert 10010000101 (base 2) to base 12.
805
Convert c51d (base 14) to base 8.
102217
3243 (base 6) to base 12
523
Convert -5554 (base 12) to base 16.
-24d0
What is 120002101 (base 3) in base 7?
44032
Convert 46173 (base 8) to base 5.
1111304
What is 4a1 (base 11) in base 13?
36a
Convert -101 (base 10) to base 13.
-7a
Convert -505 (base 9) to base 16.
-19a
Convert -4292 (base 10) to base 13.
-1c52
Convert 2135 (base 7) to base 16.
2f9
-5654 (base 7) to base 6
-13252
10100011100010 (base 2) to base 8
24342
What is 40104 (base 5) in base 15?
b39
What is -36 (base 10) in base 13?
-2a
Convert 250 (base 8) to base 9.
206
Convert -1481 (base 10) to base 16.
-5c9
Convert -d52 (base 16) to base 4.
-311102
Convert 24649 (base 10) to base 16.
6049
What is 10212012 (base 3) in base 16?
afd
Convert 447 (base 14) to base 9.
1141
-2330441 (base 5) to base 4
-22121331
12330 (base 5) to base 12
685
1000010111 (base 2) to base 9
654
Convert 122124 (base 8) to base 6.
522432
Convert -128e (base 15) to base 12.
-235b
Convert 27c (base 16) to base 2.
1001111100
What is 114 (base 5) in base 10?
34
8548 (base 16) to base 6
421544
What is 11111011 (base 2) in base 15?
11b
Convert 2673 (base 13) to base 15.
196c
Convert -2b02 (base 15) to base 12.
-540b
What is 13300 (base 4) in base 7?
1306
What is -325 (base 12) in base 11?
-38a
27576 (base 11) to base 15
b992
Convert 482b (base 12) to base 15.
25ee
Convert 6035 (base 7) to base 10.
2084
210221 (base 4) to base 9
3185
-12311 (base 4) to base 16
-1b5
-2bb4 (base 12) to base 14
-1c5a
Convert -14583 (base 10) to base 15.
-44c3
What is 110110011100 (base 2) in base 6?
24044
What is -121032 (base 4) in base 15?
-729
-138a1 (base 13) to base 5
-2133020
What is 15033 (base 6) in base 5?
34042
Convert -1340123 (base 6) to base 4.
-102113103
101101202 (base 3) to base 12
4478
What is 9a2a (base 14) in base 3?
1100121200
-1000101010100000 (base 2) to base 16
-8aa0
What is -2508 (base 13) in base 5?
-131442
-2000121010 (base 3) to base 9
-60533
-615 (base 9) to base 6
-2152
What is -34c (base 16) in base 12?
-5a4
What is 3023312 (base 4) in base 15?
3ceb
2b0b (base 15) to base 12
5418
-ac0 (base 15) to base 5
-34210
Convert 44030 (base 6) to base 3.
22022200
4344 (base 9) to base 2
110001111111
What is -6256 (base 7) in base 6?
-14101
Convert 5530 (base 6) to base 9.
1670
Convert -4278 (base 15) to base 12.
-817b
What is 12213 (base 4) in base 6?
1543
What is -14 (base 5) in base 15?
-9
-3193 (base 16) to base 12
-7417
What is -333 (base 6) in base 8?
-201
Convert -28b7 (base 12) to base 10.
-4747
Convert -c9d8 (base 14) to base 9.
-52757
What is -b617 (base 13) in base 15?
-7701
What is -30530 (base 9) in base 5?
-1120430
-505 (base 7) to base 5
-2000
104040 (base 5) to base 14
1485
Convert -18307 (base 14) to base 6.
-1150123
What is -1a3 (base 15) in base 3?
-112000
5016 (base 8) to base 10
2574
Convert 102210001 (base 3) to base 13.
3ba7
Convert -100 (base 12) to base 4.
-2100
What is -112021 (base 3) in base 4?
-12001
Convert 1202 (base 10) to base 5.
14302
56436 (base 8) to base 14
898a
-21 (base 4) to base 6
-13
What is 1dca (base 14) in base 12?
31ba
What is -14735 (base 13) in base 5?
-2213301
What is 1153541 (base 6) in base 12?
2b8b1
Convert -437 (base 16) to base 3.
-1110222
Convert -379 (base 13) to base 15.
-2a7
447 (base 9) to base 11
304
Convert -10412 (base 5) to base 2.
-1011011100
Convert 6a4 (base 15) to base 9.
2051
Convert -6a4 (base 16) to base 14.
-896
1011110110011 (base 2) to base 16
17b3
Convert 2e4a (base 15) to base 12.
592a
What is -24b (base 15) in base 6?
-2225
What is 112012112 (base 3) in base 10?
10355
What is 31511 (base 10) in base 13?
1145c
-3875 (base 15) to base 4
-2330003
73b (base 15) to base 7
4520
-605 (base 11) to base 5
-10411
Convert -2025 (base 11) to base 2.
-101010000001
What is -d2 (base 14) in base 3?
-20211
1582 (base 9) to base 5
14313
20006 (base 9) to base 12
7720
212c (base 13) to base 7
16262
-731 (base 10) to base 14
-3a3
What is 404316 (base 7) in base 8?
206230
What is 4566 (base 8) in base 16?
976
Convert 4a2 (base 12) to base 8.
1272
-11817 (base 15) to base 6
-1110234
Convert -4022342 (base 5) to base 9.
-106828
2a66 (base 14) to base 15
2378
What is -c (base 16) in base 10?
-12
What is ad0 (base 14) in base 7?
6150
2b9 (base 14) to base 16
22b
-46 (base 13) to base 6
-134
What is 103131 (base 4) in base 16?
4dd
21021000 (base 3) to base 7
21300
52 (base 14) to base 10
72
Convert -6a (base 14) to base 5.
-334
Convert 145320 (base 7) to base 12.
14453
Convert -1044344 (base 5) to base 13.
-86a4
-30650 (base 7) to base 2
-1110101101100
-364404 (base 7) to base 16
-1035f
What is -200242 (base 5) in base 6?
-45134
Convert -1304 (base 7) to base 3.
-200022
5d13 (base 15) to base 4
10311222
What is -25733 (base 10) in base 11?
-18374
What is -1133242 (base 5) in base 12?
-10240
-23534 (base 6) to base 9
-4644
What is a39 (base 14) in base 3?
2202111
What is -125144 (base 7) in base 8?
-55555
1110001110 (base 2) to base 15
40a
What is 2b4e (base 16) in base 5?
323321
What is 41115 (base 6) in base 7?
21611
What is -d65 (base 15) in base 5?
-44040
b630 (base 13) to base 10
25220
203134 (base 5) to base 11
5013
Convert abb (base 14) to base 9.
2821
10786 (base 9) to base 14
28aa
-26887 (base 11) to base 4
-21112323
Convert 2423 (base 6) to base 16.
24f
795a (base 11) to base 8
24347
What is -27e0 (base 15) in base 3?
-102201010
Convert 989 (base 11) to base 7.
3313
What is 984c (base 13) in base 16?
52c5
12200221 (base 4) to base 5
1323130
What is -d690 (base 14) in base 3?
-1212201102
Convert -10111011 (base 3) to base 5.
-40132
What is 435 (base 10) in base 11?
366
-4514 (base 6) to base 14
-554
103522 (base 8) to base 10
34642
What is 51b7 (bas